 (5 - (4 - -5)) - -1.
-2
2 + 1 + (-3 + 16 - 12)
4
Evaluate (2 + -3 - (4 + -2)) + 7.
4
Evaluate 18 + -21 - (1 + -1).
-3
What is 1 - 14 - (-12 - (12 + -20))?
-9
Calculate (4 - 4 - 7) + 5.
-2
What is the value of -10 - -5 - -1 - -1?
-3
-5 + (1 - (3 + -8))
1
What is (-5 - -7) + -10 + 3 + 1?
-4
Calculate 13 + -11 + -1 + 1 + -3.
-1
What is the value of (0 - 5) + -1 + 5 + -1?
-2
Evaluate -5 - -2 - (1 - -4).
-8
What is (14 - (5 + 2)) + (2 - 3)?
6
Evaluate -5 + (13 - (27 - 9)).
-10
-4 - -3 - -4 - 6 - 2
-5
What is the value of -1 + 7 - 13 - 0 - -3?
-4
Calculate -4 + (3 - -1 - 0).
0
Evaluate -3 + (-5 - -4 - -1).
-3
Evaluate -4 - (4 - (2 + 3)).
-3
What is the value of 3 + -9 + 10 + 2?
6
What is the value of 3 - (5 + -7 - (0 - 14))?
-9
What is the value of 1 + 2 + 23 + -32?
-6
-2 - ((-3 - -4) + -7)
4
Calculate (7 - 4) + (-34 - -32).
1
What is the value of (1 - 0 - -3 - 2) + -6?
-4
What is the value of 6 - (-4 + (-2 - (4 - 10)))?
6
Evaluate -12 - (-5 + -1 - 1).
-5
Evaluate 2 + -4 + 4 + 0.
2
Calculate 8 - (-2 + 6) - -1.
5
What is the value of (5 + 0 - 6) + -4 + 1?
-4
What is (4 - 0) + 29 + -39?
-6
What is -8 + (7 + 0 - (-3 - -7))?
-5
Evaluate 3 + -7 - (1 + (-2 - 6)).
3
What is the value of 0 - (14 - 7) - -4?
-3
What is 17 + -27 + 19 + -10?
-1
What is 3 + 1 - (-2 + 4) - -4?
6
What is the value of 2 + (-2 - (-1 - 2)) + -5?
-2
Evaluate -4 - (-6 - (-3 + 5)) - 0.
4
Evaluate 0 + (1 - -2) + (6 - 13).
-4
41 + -42 + 1 + (-3 - -2)
-1
Calculate 1 - (-1 + -2 + -2 + 11).
-5
1 - -1 - -5 - (-4 - -9)
2
What is 7 + -1 - 0 - 3 - -2?
5
-2 + -5 + 9 - (7 - 1)
-4
(-6 - (-22 - -2)) + -8
6
What is 0 + -5 + 67 + -64 - 7?
-9
Calculate -3 - (-4 + 1) - -3.
3
Evaluate 7 + -2 + 5 + -8.
2
Calculate (0 - 10) + 10 + 3 + -1.
2
2 - -2 - (16 + (-15 - -13))
-10
Calculate -7 + 4 + (2 - (8 + -2)).
-7
(-5 - -2) + (4 + 8 - 12)
-3
(3 - 2) + (-1 - 0 - 1)
-1
Evaluate 2 + -3 - (1 - 1) - 0.
-1
What is the value of 7 + -4 + -2 + -3 - -3?
1
What is 1 + 2 - (-10 - -13) - -2?
2
What is the value of -3 + 6 - 7 - (0 - 3)?
-1
What is the value of 12 + -10 + (1 - 0)?
3
What is the value of (-13 - -12) + 0 + -1 - 2?
-4
Calculate -1 + (5 - 8) - -6 - 9.
-7
What is the value of -2 - (-5 + 3 + 0)?
0
What is 8 + 6 + -9 + 1?
6
Calculate -4 + (-5 - -4) + 5 + -4.
-4
-11 + -6 + 14 - (-1 - 0)
-2
Calculate (7 - 1 - (6 + -3)) + 0.
3
Evaluate -3 - (1 + -4 + -4).
4
What is the value of 0 + -2 - (19 + -16)?
-5
What is the value of -2 - ((3 - 1) + -9 - -1)?
4
-2 - (5 - 7) - 5
-5
2 + -1 + (-6 - -9)
4
Evaluate -4 + (-1 - (-2 - 2)).
-1
What is 4 - 10 - (0 - (-3 - -5))?
-4
What is the value of -5 - ((4 - 6) + 1)?
-4
2 + 2 + -10 + -1
-7
Evaluate 0 + -3 - (-1 + (0 - 2)).
0
Evaluate 9 + (-6 - 1) - -2.
4
-1 + (-3 - (-2 - -1))
-3
What is 3 + -4 + (-1 - 0)?
-2
Calculate -3 - (2 - -1) - -3.
-3
12 + -3 + (16 - 32)
-7
(-9 - -4 - -8) + (-1 - 4)
-2
Calculate 8 + 4 - (-1 - (-6 + 1)).
8
What is the value of 8 + -2 + 1 + -6 + -1?
0
Evaluate (20 - 21) + 11 + -8.
2
What is the value of 3 + (2 - (5 + -4))?
4
Evaluate (0 - (-7 - -14 - 3)) + 11.
7
What is the value of -4 - -8 - -3 - 2?
5
Evaluate 47 + -40 - (0 - -8).
-1
Calculate -62 - -45 - (-14 - 0).
-3
Calculate -8 + 9 + 5 + -16.
-10
Evaluate 2 + -8 + (-3 - -15).
6
What is the value of (1 - -2) + (-3 - -4 - 2)?
2
What is the value of 0 + 4 - (63 + -62)?
3
Evaluate 1 + -4 + -1 - -1.
-3
What is the value of (-1 - (-6 + 3)) + -6 - 0?
-4
3 + (3 - 8) - -3
1
Evaluate 5 - 2 - (6 - 2).
-1
Evaluate 3 - (73 + -68 - (1 - -3)).
2
1 + 1 - (4 - 0 - 0)
-2
What is the value of 0 - (2 + (7 - (-1 + 4)))?
-6
What is the value of 6 + -5 + 20 + -11?
10
What is 6 - 2 - (3 + 0)?
1
What is the value of (4 + -3 - -10 - 4) + 0?
7
What is -6 - (-5 + (4 - 2)) - -6?
3
What is the value of -6 - (-5 + (4 - 7 - -3))?
-1
What is the value of 1 + -3 - 0 - (-78 + 76)?
0
Evaluate (2 - 1) + 1 - (-10 + 13).
-1
Calculate (-2 - (4 + -3)) + (1 - 2).
-4
Calculate (-1 - (-4 + 5 - -3)) + 7.
2
(-1 - 3) + 73 + -69
0
Evaluate (-3 - (-2 - 10)) + (0 - 4).
5
Evaluate 2 - 0 - 3 - 3 - -1.
-3
Evaluate 8 + (-17 - -11) + -4.
-2
1 + 2 - (5 + -7)
5
Evaluate (8 + -10 - -7) + -10.
-5
(4 - 6) + (6 - 4) + -2
-2
Calculate -4 + (-3 - -5) + -3.
-5
What is the value of 0 - 3 - (-43 + 47)?
-7
-50 - -56 - (-2 + 2 - 2)
8
(0 - -4) + -14 + (-16 - -20)
-6
Calculate -1 - (1 + -2 - 0).
0
What is 2 + 3 + -8 + (6 - -1)?
4
Evaluate 7 - (-11 + (6 - -3)).
9
Evaluate -5 + 3 + -5 + 14.
7
What is the value of 0 + -3 + -1 + 1?
-3
Evaluate 0 + (6 - (-3 + 6)).
3
What is the value of 1 - -1 - (4 - 8)?
6
-1 + 3 + (-19 - -18)
1
(21 - 35) + -4 + 14
-4
Calculate 1 + -3 + 3 + -1 + 1.
1
What is -3 - (-3 - (-7 + 3))?
-4
8 - (5 - 3) - 0
6
What is 3 + (4 - 5) - 7 - -3?
-2
-1 + (-1 - -1) + -8 + 13
4
(5 - 4) + -5 - -9
5
7 + (3 - (-7 - -17)) + 10
10
Calculate -7 + -1 + 3 + 1.
-4
87 + -97 + -1 + 5
-6
Calculate 9 - (-5 - -9) - (2 + 0).
3
Evaluate -4 - (-5 + 1 + 2).
-2
Evaluate -2 + 5 - (-3 + 2 + 6).
-2
-2 - (1 + -5 - (-50 + 44))
-4
Calculate (4 - 1 - 0) + (-51 - -47).
-1
5 + -4 + -3 + (-3 - -2)
-3
What is the value of 4 + (-4 - (-6 + -1 + 4))?
3
Evaluate -5 - (2 - 2) - (26 - 24).
-7
What is the value of -2 - -1 - (-9 - -1 - 1)?
8
What is 5 + -4 + 4 + -11 + 6?
0
Evaluate -11 + (9 - 1) + 11.
8
What is the value of 28 + -27 + -1 + -2 + 6?
4
What is the value of (-2 - 1) + (8 - 8)?
-3
-19 - -21 - (0 + -2 - -2)
2
What is the value of (-10 - -6) + (3 - -1)?
0
What is the value of (4 - (2 + -1)) + -6 + 2?
-1
What is 5 + -10 - (2 + (-1 - 3))?
-3
-14 + 8 - (0 + -3 - -5)
-8
Evaluate 4 - ((2 - (-1 + 0)) + 0).
1
Calculate 1 + -1 + 0 + (3 - 5).
-2
Evaluate -1 + 7 - (-16 + 20).
2
What is 2 - (2 - -5) - (-9 + 8)?
-4
What is 2 + -3 + 3 + 0?
2
(7 - (3 - 0 - 0)) + 1
5
What is (-3 - -5) + 1 - 3?
0
-5 - (-6 - 1) - (1 + -3)
4
Calculate (-7 - -9) + (3 + -5 - -3).
3
(-2 - 0) + (-1 - 2)
-5
Calculate 1 - 14 - (68 - 86).
5
What is -3 - (4 - 7) - (2 + 1)?
-3
-1 - -2 - 3 - -7
5
What is (3 - 4) + -5 + 2 + 2?
-2
Calculate -1 + (11 - (-3 - -8)).
5
Evaluate (5 - 6) + (4 - 5).
-2
Evaluate 66 + -65 + 4 + 1 + -1.
5
Calculate -4 + (-6 - (-6 + 3)) + -2.
-9
(1 + 1 - (-13 + 15)) + 0
0
Calculate 3 - (-5 - -5 - 4 - -10).
-3
Calculate -2 + 4 + -1 + 0.
1
Calculate (-2 - -22) + -40 + 29.
9
What is -1 - 2 - (-3 - (-7 - -6))?
-1
What is (5 - -2 - 0) + 257 + -263?
1
9 + 0 + 9 + -4 - 5
9
What is the value of -6 + (-5 - -7) - -2?
-2
Evaluate -1 + -3 + (-5 - (-4 - 3)).
-2
What is (1 - (0 - -2) - 1) + 0?
-2
-6 - (-9 + 3 - -4)
-4
What is the value of -6 - ((-2 - 12) + -2 + 6)?
4
What is the value of (-12 - -11 - 0) + -6?
-7
What is the value of 1 - (1 + 1 + (-3 - -1))?
1
What is the value of 16 + -25 + (2 - 1) - -1?
-7
1 + -1 + -3 + 4
1
-5 + (1 - -5) + 3
4
What is the value of -12 + -8 + 15 + (0 - -5)?
0
Calculate 0 + (-2 - (-6 - 1)).
5
What is the value of 8 - 1 - (-8 + 13)?
2
What is -2 + -8 + 8 - 3?
-5
What is 3 - 2 - (-1 + 2)?
0
(0 - -4) + -19 + 7 - 1
-9
What is the value of -3 + 12 + -4 + -5?
0
What is the value of (11 - 2) + -5 + -10?
-6
Evaluate 2 + (-1 - (1 + 2) - 6).
-8
1 + -2 + (-1 - -2)
0
Calculate 4 + -2 - -1 - (2 - -3).
-2
What is the value of (-44 - -38) + (4 + 2 - 1)?
-1
Calculate -4 - 0 - (1 + 0 - 1).
-4
-3 + -3 + 2 + 0 + 4
0
What is the value of -2 + 4 - (-5 + (3 - -1))?
3
What is (-3 - -3) + -4 + -3 + 4?
-3
Calculate (5 - 4) + (-1 - 0).
0
What is (-10 + -2 + 4 - -4) + -1?
-5
Calculate 5 - ((3 - 0) + 4 + -2).
0
(-1 - -5 - (-21 + 30)) + 2
-3
What is the value of (-4 - -5 - 7) + 3 + 2?
-1
7 + -1 - -1 - (-13 - -16)
4
What is the value of -2 - -10 - (20 + -2 - 13)?
3
What is (1 - -4) + -1 + -3?
1
Calculate (-1 - 1) + (0 + 1 - -1).
0
Evaluate (0 - -4) + -7 - -1.
-2
What is the value of (2 + 5 - -2) + 5 + -9?
5
Calculate -7 - (1 + -4) - -8.
4
Evaluate (-10 - -16) + -10 + -2 + 2.
-4
0 - (-4 - (2 - (9 + -6)))
3
Evaluate (-1 - 1) + -3 + 6.
1
What is 0 - (-5 - (-1 + -2))?
2
3 + 0 + -9 + -7 + 6
-7
Calculate -1 + 5 + -4 + 0.
0
Calculate (99 - 111) + 20 + 2.
10
Evaluate 1 + (3 - 2 - 7).
-5
What is the value of -3 - (2 - 0) - -10?
5
Calculate -8 + -3 + 1 + 5.
-5
What is -4 + 2 + -1 + -125 + 129?
1
What is -8 - 0 - (15 - 25 - -10)?
-8
What is 0 - -2 - (-2 - 0)?
4
Calculate (3 - 0) + -3 + -3.
-3
Calculate 0 + -3 + (3 - 0).
0
Evaluate -1 - 2 - (-1 + -4).
2
What is the value of -4 + 0 + 1 + -2 + 1?
-4
What is 7 - 5 - 8 - -1?
-5
Evaluate (3 -